{"id":1213,"date":"2026-01-23T17:46:27","date_gmt":"2026-01-23T17:46:27","guid":{"rendered":"https:\/\/www.solange-brand.com\/wp-clean\/?page_id=1213"},"modified":"2026-01-23T17:46:27","modified_gmt":"2026-01-23T17:46:27","slug":"expositions","status":"publish","type":"page","link":"https:\/\/www.solange-brand.com\/wp-clean\/expositions\/","title":{"rendered":"Expositions"},"content":{"rendered":"\n<h3 class=\"wp-block-heading\"><em>Expositions individuelles<\/em><\/h3>\n\n\n\n<figure class=\"wp-block-image aligncenter size-large\"><img fetchpriority=\"high\" decoding=\"async\" width=\"1024\" height=\"257\" src=\"https:\/\/www.solange-brand.com\/wp-clean\/wp-content\/uploads\/2026\/01\/expo1-1024x257.jpg\" alt=\"expo1\" class=\"wp-image-1214\" title=\"Expositions\" srcset=\"https:\/\/www.solange-brand.com\/wp-clean\/wp-content\/uploads\/2026\/01\/expo1-1024x257.jpg 1024w, https:\/\/www.solange-brand.com\/wp-clean\/wp-content\/uploads\/2026\/01\/expo1-300x75.jpg 300w, https:\/\/www.solange-brand.com\/wp-clean\/wp-content\/uploads\/2026\/01\/expo1-768x192.jpg 768w, https:\/\/www.solange-brand.com\/wp-clean\/wp-content\/uploads\/2026\/01\/expo1.jpg 1197w\" sizes=\"(max-width: 1024px) 100vw, 1024px\" \/><\/figure>\n\n\n\n<p><strong>f\u00e9vrier\/mars 2025 \u2013&nbsp;<\/strong>\u00ab&nbsp;Regards, Chine 1966&nbsp;\u00bb, Espace F360 (Paris, France).<\/p>\n\n\n\n<p><strong>novembre\/d\u00e9cembre 2023 \u2013&nbsp;<\/strong>Pr\u00e9sentation de \u00ab&nbsp;P\u00e9kin 1966&nbsp;\u00bb dans le cadre de \u00ab&nbsp;Angkor 1968, aper\u00e7us d\u2019un paradis fragile&nbsp;\u00bb,&nbsp;Templation \u00e0 Siemreap puis Penh House \u00e0 Phnom Penh, exposition associ\u00e9e au Phnom Penh Photo Festival (Cambodge).<\/p>\n\n\n\n<p><strong>mai\/juillet 2023<\/strong>&nbsp;\u2013 IIIe Biennale di Senigallia (Italie) : \u00ab&nbsp;Chine 1966-1967, fragments d\u2019une r\u00e9volution&nbsp;\u00bb, Palazzetto Baviera ; \u00ab&nbsp;Les marcheurs rouges de la&nbsp;&nbsp;&nbsp; r\u00e9volution culturelle&nbsp;\u00bb, Biblioteca Antonelliana.<\/p>\n\n\n\n<p><strong>janvier\/f\u00e9vrier 2022&nbsp;<\/strong>\u2013 Arr\u00eat sur l\u2019Image Galerie (Bordeaux, France).<\/p>\n\n\n\n<p><strong>janvier\/f\u00e9vrier 2019&nbsp;<\/strong>\u2013 La Nouvelle Chambre Claire&nbsp;(Paris, France).<\/p>\n\n\n\n<p><strong>novembre&nbsp; 2016<\/strong>&nbsp;\u2013 Institut fran\u00e7ais de Hambourg, dans le cadre de \u00ab&nbsp;China Time 2016&nbsp;\u00bb (Allemagne).<\/p>\n\n\n\n<p><strong>juin-ao\u00fbt 2016<\/strong>&nbsp;\u2013 Robert Klein Gallery@Ars Libri, Boston, \u00e0 l\u2019occasion du cinquantenaire de la R\u00e9volution culturelle (Etats-Unis).<\/p>\n\n\n\n<p><strong>d\u00e9cembre 2012&nbsp;<\/strong>\u2013 Projection au Festival Photo d\u2019Angkor, Siemreap (Cambodge).<\/p>\n\n\n\n<p><strong>mai\/juin 2011<\/strong>&nbsp;\u2013 Centre Culturel Jo\u00ebl Le Theule, Sabl\u00e9-sur-Sarthe (France).<\/p>\n\n\n\n<p><strong>juin\/juillet 2010 \u2013&nbsp;<\/strong>VIe Promenades Photographiques de Vend\u00f4me (France).<\/p>\n\n\n\n<p><strong>mai 2009 \u2013&nbsp;<\/strong>XIIIe Festival Chroniques Nomades \u00e0 Honfleur (France).<\/p>\n\n\n\n<p><strong>avril\/mai 2009<\/strong>&nbsp;\u2013 Galerie Beaugeste, Shanghai (Chine).<\/p>\n\n\n\n<p><strong>mai\/d\u00e9cembre 2008 \u2013&nbsp;<\/strong>Etnografiska Museet,&nbsp; Stockholm (Su\u00e8de).<\/p>\n\n\n\n<p><strong>novembre 2006\/f\u00e9vrier 2007<\/strong>&nbsp;\u2013&nbsp; Les Champs Libres,&nbsp; Mus\u00e9e de Bretagne, Rennes (France).<\/p>\n\n\n\n<p><strong>avril\/mai 2006 \u2013&nbsp;<\/strong>Galerie MemoWall dans le cadre de \u00ab&nbsp;Beijing\/background&nbsp;\u00bb au Festival international de Dashanzi, district 798, P\u00e9kin (Chine).<\/p>\n\n\n\n<p><strong>septembre 2002 \u2013&nbsp;<\/strong>IIe Festival de Photographie de Pingyao \u2013 projection num\u00e9rique (Chine).<\/p>\n\n\n\n<h3 class=\"wp-block-heading\"><strong><em>Expositions collectives<\/em><\/strong><\/h3>\n\n\n\n<figure class=\"wp-block-image aligncenter size-large\"><img decoding=\"async\" width=\"1024\" height=\"256\" src=\"https:\/\/www.solange-brand.com\/wp-clean\/wp-content\/uploads\/2026\/01\/expo2-1024x256.jpg\" alt=\"expo2\" class=\"wp-image-1215\" title=\"Expositions\" srcset=\"https:\/\/www.solange-brand.com\/wp-clean\/wp-content\/uploads\/2026\/01\/expo2-1024x256.jpg 1024w, https:\/\/www.solange-brand.com\/wp-clean\/wp-content\/uploads\/2026\/01\/expo2-300x75.jpg 300w, https:\/\/www.solange-brand.com\/wp-clean\/wp-content\/uploads\/2026\/01\/expo2-768x192.jpg 768w, https:\/\/www.solange-brand.com\/wp-clean\/wp-content\/uploads\/2026\/01\/expo2.jpg 1202w\" sizes=\"(max-width: 1024px) 100vw, 1024px\" \/><\/figure>\n\n\n\n<p><strong>15 janvier\/3 avril 2022&nbsp;<\/strong>\u2013 \u00ab&nbsp;Elles et leurs regards sur la Chine, 1949-1968&nbsp;\u00bb photographies de Solange Brand, Dominique Darbois et Eva Siao, Vieille Eglise de M\u00e9rignac (France)<\/p>\n\n\n\n<p><strong>avril\/ao\u00fbt 2014<\/strong>&nbsp;\u2013&nbsp; \u00ab&nbsp;Les Fran\u00e7ais photographient la Chine 1844-2014&nbsp;\u00bb&nbsp; Today Museum, P\u00e9kin puis en itin\u00e9rance en Chine \u00e0 l\u2019occasion du 50<sup>e<\/sup>&nbsp;anniversaire de la reconnaissance diplomatique entre Paris et P\u00e9kin \u2013 \u00e9dition d\u2019un catalogue (Chine).<\/p>\n\n\n\n<p><strong>octobre 2012 \u2013&nbsp;<\/strong>Exposition collective de la firme Hahnem\u00fchle \u00e0 la galerie Upon Paper, Berlin (Allemagne).<\/p>\n\n\n\n<p><strong>juin\/septembre 2008<\/strong>&nbsp;\u2013 \u00ab&nbsp;Dans la ville chinoise&nbsp;\u00bb Cit\u00e9 de l\u2019Architecture, Paris&nbsp;; exposition pr\u00e9sent\u00e9e ensuite au CCCB de Barcelone, puis en itin\u00e9rance (France, Espagne).<\/p>\n","protected":false},"excerpt":{"rendered":"<p>Expositions individuelles f\u00e9vrier\/mars 2025 \u2013&nbsp;\u00ab&nbsp;Regards, Chine 1966&nbsp;\u00bb, Espace F360 (Paris, France). novembre\/d\u00e9cembre 2023 \u2013&nbsp;Pr\u00e9sentation de \u00ab&nbsp;P\u00e9kin 1966&nbsp;\u00bb dans le cadre de \u00ab&nbsp;Angkor 1968, aper\u00e7us d\u2019un paradis fragile&nbsp;\u00bb,&nbsp;Templation \u00e0 Siemreap puis Penh House \u00e0 Phnom Penh, exposition associ\u00e9e au Phnom Penh Photo Festival (Cambodge). mai\/juillet 2023&nbsp;\u2013 IIIe Biennale di Senigallia (Italie) : \u00ab&nbsp;Chine 1966-1967, fragments d\u2019une [&hellip;]<\/p>\n","protected":false},"author":1,"featured_media":0,"parent":0,"menu_order":0,"comment_status":"closed","ping_status":"closed","template":"","meta":{"site-sidebar-layout":"default","site-content-layout":"","ast-site-content-layout":"default","site-content-style":"default","site-sidebar-style":"default","ast-global-header-display":"","ast-banner-title-visibility":"","ast-main-header-display":"","ast-hfb-above-header-display":"","ast-hfb-below-header-display":"","ast-hfb-mobile-header-display":"","site-post-title":"disabled","ast-breadcrumbs-content":"","ast-featured-img":"","footer-sml-layout":"","ast-disable-related-posts":"","theme-transparent-header-meta":"","adv-header-id-meta":"","stick-header-meta":"","header-above-stick-meta":"","header-main-stick-meta":"","header-below-stick-meta":"","astra-migrate-meta-layouts":"set","ast-page-background-enabled":"default","ast-page-background-meta":{"desktop":{"background-color":"","background-image":"","background-repeat":"repeat","background-position":"center center","background-size":"auto","background-attachment":"scroll","background-type":"","background-media":"","overlay-type":"","overlay-color":"","overlay-opacity":"","overlay-gradient":""},"tablet":{"background-color":"","background-image":"","background-repeat":"repeat","background-position":"center center","background-size":"auto","background-attachment":"scroll","background-type":"","background-media":"","overlay-type":"","overlay-color":"","overlay-opacity":"","overlay-gradient":""},"mobile":{"background-color":"","background-image":"","background-repeat":"repeat","background-position":"center center","background-size":"auto","background-attachment":"scroll","background-type":"","background-media":"","overlay-type":"","overlay-color":"","overlay-opacity":"","overlay-gradient":""}},"ast-content-background-meta":{"desktop":{"background-color":"var(--ast-global-color-5)","background-image":"","background-repeat":"repeat","background-position":"center center","background-size":"auto","background-attachment":"scroll","background-type":"","background-media":"","overlay-type":"","overlay-color":"","overlay-opacity":"","overlay-gradient":""},"tablet":{"background-color":"var(--ast-global-color-5)","background-image":"","background-repeat":"repeat","background-position":"center center","background-size":"auto","background-attachment":"scroll","background-type":"","background-media":"","overlay-type":"","overlay-color":"","overlay-opacity":"","overlay-gradient":""},"mobile":{"background-color":"var(--ast-global-color-5)","background-image":"","background-repeat":"repeat","background-position":"center center","background-size":"auto","background-attachment":"scroll","background-type":"","background-media":"","overlay-type":"","overlay-color":"","overlay-opacity":"","overlay-gradient":""}},"footnotes":""},"class_list":["post-1213","page","type-page","status-publish","hentry"],"_links":{"self":[{"href":"https:\/\/www.solange-brand.com\/wp-clean\/wp-json\/wp\/v2\/pages\/1213","targetHints":{"allow":["GET"]}}],"collection":[{"href":"https:\/\/www.solange-brand.com\/wp-clean\/wp-json\/wp\/v2\/pages"}],"about":[{"href":"https:\/\/www.solange-brand.com\/wp-clean\/wp-json\/wp\/v2\/types\/page"}],"author":[{"embeddable":true,"href":"https:\/\/www.solange-brand.com\/wp-clean\/wp-json\/wp\/v2\/users\/1"}],"replies":[{"embeddable":true,"href":"https:\/\/www.solange-brand.com\/wp-clean\/wp-json\/wp\/v2\/comments?post=1213"}],"version-history":[{"count":1,"href":"https:\/\/www.solange-brand.com\/wp-clean\/wp-json\/wp\/v2\/pages\/1213\/revisions"}],"predecessor-version":[{"id":1216,"href":"https:\/\/www.solange-brand.com\/wp-clean\/wp-json\/wp\/v2\/pages\/1213\/revisions\/1216"}],"wp:attachment":[{"href":"https:\/\/www.solange-brand.com\/wp-clean\/wp-json\/wp\/v2\/media?parent=1213"}],"curies":[{"name":"wp","href":"https:\/\/api.w.org\/{rel}","templated":true}]}}