{"id":1210,"date":"2026-01-23T17:43:05","date_gmt":"2026-01-23T17:43:05","guid":{"rendered":"https:\/\/www.solange-brand.com\/wp-clean\/?page_id=1210"},"modified":"2026-01-26T10:48:23","modified_gmt":"2026-01-26T10:48:23","slug":"publications","status":"publish","type":"page","link":"https:\/\/www.solange-brand.com\/wp-clean\/publications\/","title":{"rendered":"Publications"},"content":{"rendered":"\n<p>9 Lives Magazine, 14 f\u00e9vrier 2022 <br>&gt;<a href=\"https:\/\/www.9lives-magazine.com\/83182\/2022\/02\/14\/elles-et-leurs-regards-sur-la-chine-rencontre-avec-solange-brand\/\">https:\/\/www.9lives-magazine.com\/83182\/2022\/02\/14\/elles-et-leurs-regards-sur-la-chine-rencontre-avec-solange-brand\/<\/a><\/p>\n\n\n\n<p>L\u2019Oeil de la photographie, f\u00e9vrier 2022 &nbsp; &nbsp; &nbsp; &nbsp; &nbsp; &nbsp; &nbsp; &nbsp; &nbsp; &nbsp; &nbsp; &nbsp; &nbsp; &nbsp; &nbsp; &nbsp; &nbsp; &nbsp; &nbsp; &nbsp; &nbsp; &nbsp; &nbsp; &nbsp; &nbsp; &nbsp; &nbsp; &nbsp; &nbsp; &nbsp; &nbsp; &nbsp; &nbsp; &nbsp; &nbsp; &nbsp; &nbsp; &nbsp; &nbsp; &nbsp; &nbsp; &nbsp; &nbsp; &nbsp; &nbsp; &nbsp; &nbsp; &nbsp; &nbsp; &nbsp; &nbsp; &nbsp; &nbsp; &nbsp; &nbsp; &nbsp; &nbsp; &nbsp; &nbsp; &nbsp; &nbsp; &nbsp; &nbsp; &nbsp; &nbsp; &nbsp; &nbsp; &nbsp; &nbsp; &nbsp; &nbsp; <br>&gt;<a href=\"https:\/\/loeildelaphotographie.com\/fr\/elles-et-leurs-regards-sur-la-chine-1949-1968-eva-siao-dominique-darbois-solange-brand\/\">https:\/\/loeildelaphotographie.com\/fr\/elles-et-leurs-regards-sur-la-chine-1949-1968-eva-siao-dominique-darbois-solange-brand\/<\/a><\/p>\n\n\n\n<p>L\u2019Intervalle, blog de Fabien Rib\u00e9ry \u2013 entretien, 14 mars 2019 &nbsp; &nbsp; &nbsp; &nbsp; &nbsp; &nbsp; &nbsp; &nbsp; &nbsp; &nbsp; &nbsp; &nbsp; &nbsp; &nbsp; &nbsp; &nbsp; &nbsp; &nbsp; &nbsp; &nbsp; &nbsp; &nbsp; &nbsp; &nbsp; &nbsp; &nbsp; &nbsp; &nbsp; &nbsp; &nbsp; &nbsp; &nbsp; &nbsp; &nbsp; &nbsp; &nbsp; &nbsp; &nbsp; &nbsp; &nbsp; &nbsp; &nbsp; &nbsp; &nbsp; &nbsp; &nbsp; &nbsp; &nbsp; &nbsp; &nbsp; &nbsp; &nbsp; &nbsp; &nbsp; &nbsp; &nbsp; &nbsp; &nbsp; &nbsp; &nbsp; &nbsp; &nbsp; &nbsp; &nbsp; &nbsp; &nbsp; &nbsp; &nbsp; &nbsp;&gt;<a href=\"https:\/\/lintervalle.blog\/2019\/03\/14\/la-revolution-culturelle-en-couleur-par-solange-brand-jeune-photographe-en-chine\/\">https:\/\/lintervalle.blog\/2019\/03\/14\/la-revolution-culturelle-en-couleur-par-solange-brand-jeune-photographe-en-chine\/<\/a><\/p>\n\n\n\n<p>\u00ab&nbsp;50 images qui ont marqu\u00e9 l\u2019histoire&nbsp;\u00bb, hors-s\u00e9rie du&nbsp;<em>Monde&nbsp;<\/em>publi\u00e9 \u00e0 l\u2019occasion des Rendez-Vous de l\u2019histoire de Blois sur le th\u00e8me de&nbsp;<em>La puissance des images<\/em>, 2018<\/p>\n\n\n\n<p>Photography of China \u2013 entretien, f\u00e9vrier 2017<br>&gt;&nbsp;<a href=\"http:\/\/photographyofchina.com\/blog\/interview-solange-brand\">http:\/\/photographyofchina.com\/blog\/interview-solange-brand<\/a><\/p>\n\n\n\n<p>Fisheye n\u00b020 (France) \u2013 article de Fran\u00e7ois Cheval, septembre-octobre 2016<br>>\u00a0<a href=\"https:\/\/www.solange-brand.com\/wp-clean\/wp-content\/uploads\/2026\/01\/Fisheye-Chine.pdf\" target=\"_blank\" rel=\"noreferrer noopener\">lire ici.<\/a><\/p>\n\n\n\n<p>Cit\u00e9 dans&nbsp;<em>Rouge. Histoire d\u2019une couleur<\/em>&nbsp;de Michel Pastoureau, Seuil, Paris 2016<\/p>\n\n\n\n<p>The Boston Globe (Etats-Unis) \u2013 article de Cate McQuaid, 11 juillet 2016<br>&gt;&nbsp;<a href=\"https:\/\/www.bostonglobe.com\/arts\/2016\/07\/10\/how-solange-brand-and-her-camera-saw-cultural-revolution\/VTBCBwpHpoqBwFljlIDcEN\/story.html\" target=\"_blank\" rel=\"noreferrer noopener\">https:\/\/www.bostonglobe.com\/arts\/2016\/07\/10\/how-solange-brand-and-her-camera-saw-cultural-revolution\/VTBCBwpHpoqBwFljlIDcEN\/story.html<\/a><\/p>\n\n\n\n<p>L\u2019Oeil de la photographie, juillet 2016<br>&gt;&nbsp;<a href=\"http:\/\/www.loeildelaphotographie.com\/fr\/2016\/07\/01\/article\/159912766\/boston-la-revolution-culturelle-en-chine\/\" target=\"_blank\" rel=\"noreferrer noopener\">http:\/\/www.loeildelaphotographie.com\/fr\/2016\/07\/01\/article\/159912766\/boston-la-revolution-culturelle-en-chine\/<\/a><\/p>\n\n\n\n<p>\u00ab&nbsp;The Chinese Photobook. From the 1900s to the present&nbsp;\u00bb de Martin Parr et WassinkLundgren, Aperture, 2015<\/p>\n\n\n\n<p>AFP (France) \u2013 \u00ab&nbsp;Quand les Chinois revisitent en couleur la R\u00e9volution culturelle&nbsp;\u00bb, article de S\u00e9bastien Blanc publi\u00e9, entre autres, par La Croix, le Parisien, le Point, le Nouvel Observateur, l\u2019Express, 17 juillet 2015<\/p>\n\n\n\n<p>Catalogue de l\u2019exposition collective \u00ab&nbsp;Les Fran\u00e7ais&nbsp; photographient la Chine 1844-2014&nbsp;\u00bb organis\u00e9e pour le 50<sup>e<\/sup>&nbsp;anniversaire de la reconnaissance diplomatique entre la France et la Chine, 2014<\/p>\n\n\n\n<p>Yishushijie\/Art World (Shanghai) \u2013 portfolio accompagn\u00e9 d\u2019un article de Feng Yuan, mai 2013<\/p>\n\n\n\n<p>Upon Paper n\u00b02, revue d\u2019art de la firme Hahnem\u00fchle (Berlin), automne 2012<\/p>\n\n\n\n<p>Lens Culture (France-Etats-Unis),&nbsp; 2012<br>&gt;&nbsp;<a href=\"http:\/\/www.lensculture.com\/brand.html\" target=\"_blank\" rel=\"noreferrer noopener\">http:\/\/www.lensculture.com\/brand.html<\/a><\/p>\n\n\n\n<p>China Life Magazine n\u00b082 (Shanghai), septembre 2012<\/p>\n\n\n\n<p>Images Magazine (France) \u2013 hors s\u00e9rie, \u00e9t\u00e9 2010<\/p>\n\n\n\n<p>Le Monde diplomatique (France)\u2013 photos et textes repris par les \u00e9ditions \u00e9trang\u00e8res du mensuel et les sites internet correspondant, octobre 2009<\/p>\n\n\n\n<p>The New Yorker (Etats-Unis), 5 juin 2009<br>&gt;&nbsp;<a href=\"http:\/\/www.newyorker.com\/online\/blogs\/evanosnos\/2009\/06\/the-other-tiananmen-moment.html\" target=\"_blank\" rel=\"noreferrer noopener\">http:\/\/www.newyorker.com\/online\/blogs\/evanosnos\/2009\/06\/the-other-tiananmen-moment.html<\/a><\/p>\n\n\n\n<p>Wallpaper (Grande-Bretagne), 2 juin 2009<br>&gt;&nbsp;<a href=\"http:\/\/wallpaper.com\/art\/beijing-66-by-solange-brand\/3390\" target=\"_blank\" rel=\"noreferrer noopener\">http:\/\/wallpaper.com\/art\/beijing-66-by-solange-brand\/3390<\/a><\/p>\n\n\n\n<p>Revue Fotografia n\u00b028 (Pologne) \u2013 article de Bogdan Konopka, 2009<\/p>\n\n\n\n<p>La Stampa<strong>\u00a0\u2013\u00a0<\/strong>Suppl\u00e9ment hebdomadaire Specchio n\u00b0 521 (Italie), 10 juin 2006[<\/p>\n","protected":false},"excerpt":{"rendered":"<p>9 Lives Magazine, 14 f\u00e9vrier 2022 &gt;https:\/\/www.9lives-magazine.com\/83182\/2022\/02\/14\/elles-et-leurs-regards-sur-la-chine-rencontre-avec-solange-brand\/ L\u2019Oeil de la photographie, f\u00e9vrier 2022 &nbsp; &nbsp; &nbsp; &nbsp; &nbsp; &nbsp; &nbsp; &nbsp; &nbsp; &nbsp; &nbsp; &nbsp; &nbsp; &nbsp; &nbsp; &nbsp; &nbsp; &nbsp; &nbsp; &nbsp; &nbsp; &nbsp; &nbsp; &nbsp; &nbsp; &nbsp; &nbsp; &nbsp; &nbsp; &nbsp; &nbsp; &nbsp; &nbsp; &nbsp; &nbsp; &nbsp; &nbsp; &nbsp; &nbsp; &nbsp; &nbsp; &nbsp; [&hellip;]<\/p>\n","protected":false},"author":1,"featured_media":0,"parent":0,"menu_order":0,"comment_status":"closed","ping_status":"closed","template":"","meta":{"site-sidebar-layout":"default","site-content-layout":"","ast-site-content-layout":"default","site-content-style":"default","site-sidebar-style":"default","ast-global-header-display":"","ast-banner-title-visibility":"","ast-main-header-display":"","ast-hfb-above-header-display":"","ast-hfb-below-header-display":"","ast-hfb-mobile-header-display":"","site-post-title":"disabled","ast-breadcrumbs-content":"","ast-featured-img":"","footer-sml-layout":"","ast-disable-related-posts":"","theme-transparent-header-meta":"","adv-header-id-meta":"","stick-header-meta":"","header-above-stick-meta":"","header-main-stick-meta":"","header-below-stick-meta":"","astra-migrate-meta-layouts":"set","ast-page-background-enabled":"default","ast-page-background-meta":{"desktop":{"background-color":"","background-image":"","background-repeat":"repeat","background-position":"center center","background-size":"auto","background-attachment":"scroll","background-type":"","background-media":"","overlay-type":"","overlay-color":"","overlay-opacity":"","overlay-gradient":""},"tablet":{"background-color":"","background-image":"","background-repeat":"repeat","background-position":"center center","background-size":"auto","background-attachment":"scroll","background-type":"","background-media":"","overlay-type":"","overlay-color":"","overlay-opacity":"","overlay-gradient":""},"mobile":{"background-color":"","background-image":"","background-repeat":"repeat","background-position":"center center","background-size":"auto","background-attachment":"scroll","background-type":"","background-media":"","overlay-type":"","overlay-color":"","overlay-opacity":"","overlay-gradient":""}},"ast-content-background-meta":{"desktop":{"background-color":"var(--ast-global-color-5)","background-image":"","background-repeat":"repeat","background-position":"center center","background-size":"auto","background-attachment":"scroll","background-type":"","background-media":"","overlay-type":"","overlay-color":"","overlay-opacity":"","overlay-gradient":""},"tablet":{"background-color":"var(--ast-global-color-5)","background-image":"","background-repeat":"repeat","background-position":"center center","background-size":"auto","background-attachment":"scroll","background-type":"","background-media":"","overlay-type":"","overlay-color":"","overlay-opacity":"","overlay-gradient":""},"mobile":{"background-color":"var(--ast-global-color-5)","background-image":"","background-repeat":"repeat","background-position":"center center","background-size":"auto","background-attachment":"scroll","background-type":"","background-media":"","overlay-type":"","overlay-color":"","overlay-opacity":"","overlay-gradient":""}},"footnotes":""},"class_list":["post-1210","page","type-page","status-publish","hentry"],"_links":{"self":[{"href":"https:\/\/www.solange-brand.com\/wp-clean\/wp-json\/wp\/v2\/pages\/1210","targetHints":{"allow":["GET"]}}],"collection":[{"href":"https:\/\/www.solange-brand.com\/wp-clean\/wp-json\/wp\/v2\/pages"}],"about":[{"href":"https:\/\/www.solange-brand.com\/wp-clean\/wp-json\/wp\/v2\/types\/page"}],"author":[{"embeddable":true,"href":"https:\/\/www.solange-brand.com\/wp-clean\/wp-json\/wp\/v2\/users\/1"}],"replies":[{"embeddable":true,"href":"https:\/\/www.solange-brand.com\/wp-clean\/wp-json\/wp\/v2\/comments?post=1210"}],"version-history":[{"count":3,"href":"https:\/\/www.solange-brand.com\/wp-clean\/wp-json\/wp\/v2\/pages\/1210\/revisions"}],"predecessor-version":[{"id":1320,"href":"https:\/\/www.solange-brand.com\/wp-clean\/wp-json\/wp\/v2\/pages\/1210\/revisions\/1320"}],"wp:attachment":[{"href":"https:\/\/www.solange-brand.com\/wp-clean\/wp-json\/wp\/v2\/media?parent=1210"}],"curies":[{"name":"wp","href":"https:\/\/api.w.org\/{rel}","templated":true}]}}