{"id":1189,"date":"2026-01-23T17:26:28","date_gmt":"2026-01-23T17:26:28","guid":{"rendered":"https:\/\/www.solange-brand.com\/wp-clean\/?page_id=1189"},"modified":"2026-02-02T12:13:34","modified_gmt":"2026-02-02T12:13:34","slug":"livres","status":"publish","type":"page","link":"https:\/\/www.solange-brand.com\/wp-clean\/livres\/","title":{"rendered":"Livres"},"content":{"rendered":"\n<figure class=\"wp-block-image aligncenter size-full\"><img fetchpriority=\"high\" decoding=\"async\" width=\"1024\" height=\"458\" src=\"https:\/\/www.solange-brand.com\/wp-clean\/wp-content\/uploads\/2026\/01\/IMG_1284-1.jpg\" alt=\"img 1284 1\" class=\"wp-image-1190\" title=\"Livres\" srcset=\"https:\/\/www.solange-brand.com\/wp-clean\/wp-content\/uploads\/2026\/01\/IMG_1284-1.jpg 1024w, https:\/\/www.solange-brand.com\/wp-clean\/wp-content\/uploads\/2026\/01\/IMG_1284-1-300x134.jpg 300w, https:\/\/www.solange-brand.com\/wp-clean\/wp-content\/uploads\/2026\/01\/IMG_1284-1-768x344.jpg 768w\" sizes=\"(max-width: 1024px) 100vw, 1024px\" \/><\/figure>\n\n\n\n<p><strong>\u2022&nbsp;<em>P\u00e9kin 1966, petites histoires de la R\u00e9volution culturelle<\/em><br><\/strong>Editions de l\u2019Oeil \u00e9lectrique, Paris, 2005<br>Mention sp\u00e9ciale du Prix Nadar, d\u00e9cern\u00e9 au meilleur livre de photographies de l\u2019ann\u00e9e.<br>Vitrine et signature du livre \u00e0 la librairie La Hune \u00e0 Paris.<\/p>\n\n\n\n<p>Pr\u00e9sentation du livre par Fran\u00e7ois Cheval, commissaire d\u2019exposition, ancien directeur du Mus\u00e9e Ni\u00e9pce \u00e0 Ch\u00e2lon-sur-Sa\u00f4ne, co-directeur du Mus\u00e9e de la Photographie de Lianzhou, Chine.<br>Extrait du film \u00ab DJBook \u00bb r\u00e9alis\u00e9 pour le Festival Images Singuli\u00e8res, S\u00e8te, 2018<\/p>\n\n\n\n<figure class=\"wp-block-embed is-type-video is-provider-vimeo wp-block-embed-vimeo wp-embed-aspect-16-9 wp-has-aspect-ratio\"><div class=\"wp-block-embed__wrapper\">\n<iframe title=\"Francois Cheval pr\u00e9sente l&#039;ouvrage Pekin 1966\" src=\"https:\/\/player.vimeo.com\/video\/280747070?dnt=1&amp;app_id=122963\" width=\"500\" height=\"281\" frameborder=\"0\" allow=\"autoplay; fullscreen; picture-in-picture; clipboard-write; encrypted-media; web-share\" referrerpolicy=\"strict-origin-when-cross-origin\"><\/iframe>\n<\/div><\/figure>\n\n\n\n<p><\/p>\n\n\n\n<p>Le livre est disponible sur le site suivant :<br><a href=\"http:\/\/www.la-chambre-claire.fr\/\" target=\"_blank\" rel=\"noreferrer noopener\">http:\/\/www.la-chambre-claire.fr<\/a><br><\/p>\n\n\n\n<figure class=\"wp-block-image aligncenter size-full\"><img decoding=\"async\" width=\"640\" height=\"480\" src=\"https:\/\/www.solange-brand.com\/wp-clean\/wp-content\/uploads\/2026\/01\/photo-japon.jpg\" alt=\"sn3m0398\" class=\"wp-image-1191\" title=\"Livres\" srcset=\"https:\/\/www.solange-brand.com\/wp-clean\/wp-content\/uploads\/2026\/01\/photo-japon.jpg 640w, https:\/\/www.solange-brand.com\/wp-clean\/wp-content\/uploads\/2026\/01\/photo-japon-300x225.jpg 300w\" sizes=\"(max-width: 640px) 100vw, 640px\" \/><\/figure>\n\n\n\n<p><strong>\u2022 Edition japonaise de&nbsp;<em>P\u00e9kin 1966, petites histoires de la r\u00e9volution culturelle<\/em><br><\/strong>augment\u00e9e d\u2019un texte de MM. Kazuyoshi Shimozawa et Masaaki Tsuchiya,<br>Editions Bense\u00ef, Tokyo,&nbsp; 2012 (<a href=\"http:\/\/www.bensey.co.jp\/\">bensey.co.jp<\/a>)<\/p>\n\n\n\n<figure class=\"wp-block-image aligncenter size-full\"><img decoding=\"async\" width=\"1024\" height=\"768\" src=\"https:\/\/www.solange-brand.com\/wp-clean\/wp-content\/uploads\/2026\/01\/IMG_1282.jpg\" alt=\"img 1282\" class=\"wp-image-1192\" title=\"Livres\" srcset=\"https:\/\/www.solange-brand.com\/wp-clean\/wp-content\/uploads\/2026\/01\/IMG_1282.jpg 1024w, https:\/\/www.solange-brand.com\/wp-clean\/wp-content\/uploads\/2026\/01\/IMG_1282-300x225.jpg 300w, https:\/\/www.solange-brand.com\/wp-clean\/wp-content\/uploads\/2026\/01\/IMG_1282-768x576.jpg 768w\" sizes=\"(max-width: 1024px) 100vw, 1024px\" \/><\/figure>\n\n\n\n<p><strong>\u2022 \u4e2d\u56fd\u8bb0\u5fc6\uff0c1966\uff1a\u4e00\u4f4d\u6cd5\u56fd\u6444\u5f71\u5e08\u955c\u5934\u4e0b\u7684\u5f69\u8272\u4e2d\u56fd,&nbsp;<\/strong><br><em><strong>China Memory 1966<\/strong><\/em>&nbsp;, Editions du Peuple du Shanxi<br>Textes de Chen Xiaobo et Yan Lang,<br>\u00e9dition chinoise comprenant 98 photos,&nbsp;Beijing, 2015<br>Le livre est cit\u00e9 parmi les 50 meilleurs ouvrages du Salon du Livre de Beijing&nbsp;2015<br>et figure le m\u00eame mois \u00e0 la 4e place du Top 10 de Sina Books.<\/p>\n","protected":false},"excerpt":{"rendered":"<p>\u2022&nbsp;P\u00e9kin 1966, petites histoires de la R\u00e9volution culturelleEditions de l\u2019Oeil \u00e9lectrique, Paris, 2005Mention sp\u00e9ciale du Prix Nadar, d\u00e9cern\u00e9 au meilleur livre de photographies de l\u2019ann\u00e9e.Vitrine et signature du livre \u00e0 la librairie La Hune \u00e0 Paris. Pr\u00e9sentation du livre par Fran\u00e7ois Cheval, commissaire d\u2019exposition, ancien directeur du Mus\u00e9e Ni\u00e9pce \u00e0 Ch\u00e2lon-sur-Sa\u00f4ne, co-directeur du Mus\u00e9e de [&hellip;]<\/p>\n","protected":false},"author":1,"featured_media":0,"parent":0,"menu_order":0,"comment_status":"closed","ping_status":"closed","template":"","meta":{"site-sidebar-layout":"default","site-content-layout":"","ast-site-content-layout":"default","site-content-style":"default","site-sidebar-style":"default","ast-global-header-display":"","ast-banner-title-visibility":"","ast-main-header-display":"","ast-hfb-above-header-display":"","ast-hfb-below-header-display":"","ast-hfb-mobile-header-display":"","site-post-title":"disabled","ast-breadcrumbs-content":"","ast-featured-img":"","footer-sml-layout":"","ast-disable-related-posts":"","theme-transparent-header-meta":"","adv-header-id-meta":"","stick-header-meta":"","header-above-stick-meta":"","header-main-stick-meta":"","header-below-stick-meta":"","astra-migrate-meta-layouts":"set","ast-page-background-enabled":"default","ast-page-background-meta":{"desktop":{"background-color":"","background-image":"","background-repeat":"repeat","background-position":"center center","background-size":"auto","background-attachment":"scroll","background-type":"","background-media":"","overlay-type":"","overlay-color":"","overlay-opacity":"","overlay-gradient":""},"tablet":{"background-color":"","background-image":"","background-repeat":"repeat","background-position":"center center","background-size":"auto","background-attachment":"scroll","background-type":"","background-media":"","overlay-type":"","overlay-color":"","overlay-opacity":"","overlay-gradient":""},"mobile":{"background-color":"","background-image":"","background-repeat":"repeat","background-position":"center center","background-size":"auto","background-attachment":"scroll","background-type":"","background-media":"","overlay-type":"","overlay-color":"","overlay-opacity":"","overlay-gradient":""}},"ast-content-background-meta":{"desktop":{"background-color":"var(--ast-global-color-5)","background-image":"","background-repeat":"repeat","background-position":"center center","background-size":"auto","background-attachment":"scroll","background-type":"","background-media":"","overlay-type":"","overlay-color":"","overlay-opacity":"","overlay-gradient":""},"tablet":{"background-color":"var(--ast-global-color-5)","background-image":"","background-repeat":"repeat","background-position":"center center","background-size":"auto","background-attachment":"scroll","background-type":"","background-media":"","overlay-type":"","overlay-color":"","overlay-opacity":"","overlay-gradient":""},"mobile":{"background-color":"var(--ast-global-color-5)","background-image":"","background-repeat":"repeat","background-position":"center center","background-size":"auto","background-attachment":"scroll","background-type":"","background-media":"","overlay-type":"","overlay-color":"","overlay-opacity":"","overlay-gradient":""}},"footnotes":""},"class_list":["post-1189","page","type-page","status-publish","hentry"],"_links":{"self":[{"href":"https:\/\/www.solange-brand.com\/wp-clean\/wp-json\/wp\/v2\/pages\/1189","targetHints":{"allow":["GET"]}}],"collection":[{"href":"https:\/\/www.solange-brand.com\/wp-clean\/wp-json\/wp\/v2\/pages"}],"about":[{"href":"https:\/\/www.solange-brand.com\/wp-clean\/wp-json\/wp\/v2\/types\/page"}],"author":[{"embeddable":true,"href":"https:\/\/www.solange-brand.com\/wp-clean\/wp-json\/wp\/v2\/users\/1"}],"replies":[{"embeddable":true,"href":"https:\/\/www.solange-brand.com\/wp-clean\/wp-json\/wp\/v2\/comments?post=1189"}],"version-history":[{"count":3,"href":"https:\/\/www.solange-brand.com\/wp-clean\/wp-json\/wp\/v2\/pages\/1189\/revisions"}],"predecessor-version":[{"id":1340,"href":"https:\/\/www.solange-brand.com\/wp-clean\/wp-json\/wp\/v2\/pages\/1189\/revisions\/1340"}],"wp:attachment":[{"href":"https:\/\/www.solange-brand.com\/wp-clean\/wp-json\/wp\/v2\/media?parent=1189"}],"curies":[{"name":"wp","href":"https:\/\/api.w.org\/{rel}","templated":true}]}}